87.
3, 7, 449
List the prime factors of 449.
449
List the prime factors of 42299.
42299
List the prime factors of 4809.
3, 7, 229
What are the prime factors of 80255?
5, 7, 2293
What are the prime factors of 115715?
5, 23143
List the prime factors of 40320.
2, 3, 5, 7
What are the prime factors of 130?
2, 5, 13
What are the prime factors of 11722?
2, 5861
List the prime factors of 1342.
2, 11, 61
What are the prime factors of 769?
769
What are the prime factors of 3881?
3881
List the prime factors of 6153.
3, 7, 293
List the prime factors of 5353.
53, 101
What are the prime factors of 764?
2, 191
What are the prime factors of 1672?
2, 11, 19
What are the prime factors of 1396?
2, 349
List the prime factors of 1338.
2, 3, 223
What are the prime factors of 1029?
3, 7
What are the prime factors of 1799?
7, 257
List the prime factors of 60754.
2, 37, 821
List the prime factors of 10306.
2, 5153
List the prime factors of 615.
3, 5, 41
What are the prime factors of 118454?
2, 7, 8461
List the prime factors of 2086.
2, 7, 149
List the prime factors of 469.
7, 67
List the prime factors of 2103.
3, 701
List the prime factors of 20978.
2, 17, 617
List the prime factors of 12917.
12917
List the prime factors of 34961.
34961
List the prime factors of 476.
2, 7, 17
What are the prime factors of 1341?
3, 149
What are the prime factors of 4607?
17, 271
What are the prime factors of 2498?
2, 1249
What are the prime factors of 18650?
2, 5, 373
List the prime factors of 5608.
2, 701
What are the prime factors of 7161?
3, 7, 11, 31
What are the prime factors of 45102?
2, 3, 7517
What are the prime factors of 4980?
2, 3, 5, 83
What are the prime factors of 4184?
2, 523
List the prime factors of 16046.
2, 71, 113
List the prime factors of 1196.
2, 13, 23
What are the prime factors of 5766?
2, 3, 31
List the prime factors of 6191.
41, 151
List the prime factors of 17086.
2, 8543
What are the prime factors of 812?
2, 7, 29
What are the prime factors of 287?
7, 41
What are the prime factors of 65420?
2, 5, 3271
List the prime factors of 14987.
7, 2141
What are the prime factors of 5820?
2, 3, 5, 97
What are the prime factors of 945?
3, 5, 7
What are the prime factors of 49302?
2, 3, 11, 83
What are the prime factors of 745?
5, 149
List the prime factors of 1661.
11, 151
What are the prime factors of 3517?
3517
List the prime factors of 15851.
11, 131
What are the prime factors of 11889?
3, 1321
What are the prime factors of 108124?
2, 27031
What are the prime factors of 35345?
5, 7069
List the prime factors of 1150.
2, 5, 23
List the prime factors of 184648.
2, 23081
List the prime factors of 1199.
11, 109
List the prime factors of 254.
2, 127
What are the prime factors of 521?
521
What are the prime factors of 49914?
2, 3, 47, 59
List the prime factors of 799.
17, 47
What are the prime factors of 9265?
5, 17, 109
What are the prime factors of 875?
5, 7
What are the prime factors of 64698?
2, 3, 41, 263
List the prime factors of 39587.
31, 1277
List the prime factors of 5707.
13, 439
List the prime factors of 1537.
29, 53
What are the prime factors of 119822?
2, 181, 331
List the prime factors of 439.
439
What are the prime factors of 23328?
2, 3
List the prime factors of 1807.
13, 139
List the prime factors of 2476.
2, 619
What are the prime factors of 17509?
17509
What are the prime factors of 20205?
3, 5, 449
List the prime factors of 4514.
2, 37, 61
List the prime factors of 145.
5, 29
What are the prime factors of 2803?
2803
What are the prime factors of 23206?
2, 41, 283
List the prime factors of 21598.
2, 10799
List the prime factors of 7684.
2, 17, 113
What are the prime factors of 118?
2, 59
List the prime factors of 341.
11, 31
What are the prime factors of 32467?
32467
List the prime factors of 14483.
7, 2069
What are the prime factors of 2843?
2843
List the prime factors of 1124.
2, 281
List the prime factors of 235.
5, 47
List the prime factors of 10577.
7, 1511
List the prime factors of 37684.
2, 9421
What are the prime factors of 3502?
2, 17, 103
What are the prime factors of 3407?
3407
List the prime factors of 85989.
3, 28663
List the prime factors of 4849.
13, 373
What are the prime factors of 43031?
37, 1163
List the prime factors of 1494.
2, 3, 83
What are the prime factors of 38583?
3, 1429
What are the prime factors of 57557?
57557
What are the prime factors of 11020?
2, 5, 19, 29
What are the prime factors of 89?
89
List the prime factors of 38889.
3, 29, 149
What are the prime factors of 12670?
2, 5, 7, 181
What are the prime factors of 15336?
2, 3, 71
What are the prime factors of 28164?
2, 3, 2347
List the prime factors of 2102.
2, 1051
What are the prime factors of 3494?
2, 1747
What are the prime factors of 75118?
2, 23, 71
List the prime factors of 57378.
2, 3, 73, 131
What are the prime factors of 8353?
8353
List the prime factors of 1954.
2, 977
What are the prime factors of 38839?
38839
List the prime factors of 494.
2, 13, 19
What are the prime factors of 1164?
2, 3, 97
List the prime factors of 66595.
5, 19, 701
List the prime factors of 9321.
3, 13, 239
List the prime factors of 18032.
2, 7, 23
List the prime factors of 48430.
2, 5, 29, 167
What are the prime factors of 1009?
1009
List the prime factors of 114713.
114713
What are the prime factors of 45573?
3, 11, 1381
List the prime factors of 16509.
3, 5503
List the prime factors of 13598.
2, 13, 523
List the prime factors of 1024.
2
List the prime factors of 1205.
5, 241
What are the prime factors of 4871?
4871
What are the prime factors of 10161?
3, 1129
List the prime factors of 679.
7, 97
List the prime factors of 39.
3, 13
List the prime factors of 75452.
2, 13, 1451
List the prime factors of 53417.
7, 13, 587
List the prime factors of 75540.
2, 3, 5, 1259
List the prime factors of 1024.
2
List the prime factors of 25408.
2, 397
What are the prime factors of 4309?
31, 139
List the prime factors of 7235.
5, 1447
List the prime factors of 45092.
2, 11273
List the prime factors of 44379.
3, 4931
What are the prime factors of 270?
2, 3, 5
List the prime factors of 1129.
1129
What are the prime factors of 3527?
3527
What are the prime factors of 1405?
5, 281
List the prime factors of 1608.
2, 3, 67
List the prime factors of 16445.
5, 11, 13, 23
List the prime factors of 33475.
5, 13, 103
What are the prime factors of 1735?
5, 347
List the prime factors of 15106.
2, 7, 13, 83
List the prime factors of 111054.
2, 3, 83, 223
What are the prime factors of 43460?
2, 5, 41, 53
What are the prime factors of 12434?
2, 6217
What are the prime factors of 88171?
37, 2383
List the prime factors of 1680.
2, 3, 5, 7
List the prime factors of 286.
2, 11, 13
List the prime factors of 29173.
29173
List the prime factors of 1522.
2, 761
What are the prime factors of 62892?
2, 3, 1747
List the prime factors of 53849.
53849
What are the prime factors of 3187?
3187
What are the prime factors of 38316?
2, 3, 31, 103
What are the prime factors of 2435?
5, 487
What are the prime factors of 3549?
3, 7, 13
What are the prime factors of 89674?
2, 13, 3449
List the prime factors of 120110.
2, 5, 12011
List the prime factors of 8835.
3, 5, 19, 31
What are the prime factors of 3493?
7, 499
List the prime factors of 12091.
107, 113
List the prime factors of 652.
2, 163
List the prime factors of 7347.
3, 31, 79
List the prime factors of 2905.
5, 7, 83
What are the prime factors of 6397?
6397
What are the prime factors of 29774?
2, 14887
What are the prime factors of 1590?
2, 3, 5, 53
List the prime factors of 441.
3, 7
What are the prime factors of 9083?
31, 293
What are the prime factors of 16463?
101, 163
List the prime factors of 15450.
2, 3, 5, 103
What are the prime factors of 3179?
11, 17
List the prime factors of 949.
13, 73
What are the prime factors of 43897?
7, 6271
List the prime factors of 22465.
5, 4493
List the prime factors of 9244.
2, 2311
What are the prime factors of 114735?
3, 5, 7649
What are the prime factors of 77770?
2, 5, 7, 11, 101
What are the prime factors of 507?
3, 13
List the prime factors of 6319.
71, 89
List the prime factors of 597.
3, 199
List the prime factors of 4724.
2, 1181
What are the prime factors of 20284?
2, 11, 461
List the prime factors of 6361.
6361
What are the